 - 10. What is t(-2)?
-28
Let x(g) = -16*g - 2. What is x(2)?
-34
Let t(c) = c + 15. Determine t(-10).
5
Let t(y) = 26*y - 89. Determine t(3).
-11
Let j(g) = g**2 + 10*g + 10. Calculate j(-9).
1
Let d(g) = g**2 - 5*g - 3. Give d(7).
11
Let m(p) = -2*p - 18. Determine m(-21).
24
Let w(j) = 6*j**2 - 2*j + 2. What is w(1)?
6
Let u(a) = a**2 + 3*a. Calculate u(7).
70
Let j(x) = -x**3 - 14*x**2 - 2*x + 2. Calculate j(-14).
30
Let k(h) = h**3 + 5*h**2 + 3*h + 9. Give k(-5).
-6
Let j(m) = -6*m - 169. Give j(-24).
-25
Let k(a) = -4*a + 42. What is k(11)?
-2
Let o(v) = -v**3 - 30*v**2 - 56*v - 2. Determine o(-28).
-2
Let g(d) = -6*d**3 - 3*d**2 + 1. Give g(-1).
4
Let s(u) = -2*u**2 + 11*u - 3. What is s(10)?
-93
Let d(g) = -g**2 - 7*g + 1. Determine d(-10).
-29
Let b(i) = i**3 + 3*i**2 + 2*i - 2. Give b(-2).
-2
Let s(y) = -y**3 - 9*y**2 - 14*y - 62. Determine s(-8).
-14
Let s(t) = 6*t + 30. What is s(13)?
108
Let l(j) = -11*j + 75. Determine l(8).
-13
Let f(h) = 2*h - 37. Calculate f(22).
7
Let b(u) = -3*u - 11. Determine b(-9).
16
Let a(j) = -j**2 - 11*j + 3. What is a(-11)?
3
Let x(u) = -u**2 + 15*u - 5. Give x(13).
21
Let w(v) = -2*v**2 - 2*v + 23. Give w(-4).
-1
Let a(r) = -73*r - 74. What is a(-1)?
-1
Let x(c) = -c**2 + c + 10. Calculate x(0).
10
Let k(h) = -4*h**2 - 9*h + 17. Calculate k(2).
-17
Let m(g) = g**3 + 13*g**2 - 2*g - 3. What is m(-13)?
23
Let z(x) = -3*x**2 + 14*x - 3. Calculate z(6).
-27
Let h(u) = -2*u**3 + 37*u**2 + 21*u + 13. Calculate h(19).
51
Let w(f) = -4*f + 16. What is w(9)?
-20
Let w(l) = -l**3 - 10*l**2 + 5*l + 19. Give w(-9).
-107
Let z(t) = t**3 + 6*t**2 + 5*t - 15. Determine z(-4).
-3
Let t(g) = 3*g - 14. What is t(7)?
7
Let x(o) = o**2 + 16*o - 25. Determine x(-17).
-8
Let t(d) = -12*d**2 - 47*d + 5. Give t(-4).
1
Let v(c) = -c - 22. What is v(-18)?
-4
Let q(n) = -16*n + 2. Give q(-1).
18
Let b(d) = 2*d**2 + 10*d - 8. Determine b(-6).
4
Let v(f) = f**3 - f**2 + 7. Determine v(0).
7
Let g(b) = -b**2 + 2*b - 7. Give g(0).
-7
Let d(j) = 26*j - 3. Give d(0).
-3
Let l(c) = c**3 + 6*c**2 + 18*c + 48. Give l(-4).
8
Let w(z) = z**2 + 10*z - 35. What is w(-13)?
4
Let r(n) = 17*n - 9. Calculate r(-4).
-77
Let o(b) = -b**3 - 4*b**2 + 4*b + 5. Calculate o(-2).
-11
Let g(b) = -5*b**3 - 4*b**2 + b + 4. What is g(2)?
-50
Let w(o) = 2*o**2 - 11*o - 6. Give w(6).
0
Let l(t) = t**2 - t. Give l(-3).
12
Let y(c) = c**3 + 43*c**2 + 40*c - 82. Give y(-42).
2
Let k(c) = c**3 - 14*c**2 + 1. What is k(14)?
1
Let p(f) = -f**3 - 4*f**2 + 8*f + 10. Give p(-5).
-5
Let d(b) = 6*b - 41. Give d(6).
-5
Let d(l) = -l**2 + 17*l - 22. Determine d(14).
20
Let k(p) = -p + 7. Determine k(-7).
14
Let d(u) = 4*u + 1. Determine d(2).
9
Let x(z) = -2*z**2 + 10*z. Calculate x(4).
8
Let t(b) = b**2 - 6*b - 21. Give t(9).
6
Let n(v) = v**2 - 70*v - 553. What is n(-7)?
-14
Let o(p) = p**3 - p**2 - 13*p - 5. What is o(4)?
-9
Let a(t) = 2*t**3 + 9*t**2 - 6*t - 7. Calculate a(-5).
-2
Let t(a) = -8*a**3 + 55*a**2 + 8*a - 4. Determine t(7).
3
Let d(w) = 3*w**2 - 8*w + 8. Calculate d(0).
8
Let q(o) = o + 21. Calculate q(-26).
-5
Let h(t) = -2*t + 4. Determine h(-5).
14
Let w(l) = l**3 - 2*l**2 + 4*l - 2. Calculate w(0).
-2
Let r(p) = -2*p**2 - 21*p - 10. What is r(-9)?
17
Let c(d) = -34*d + 337. Determine c(10).
-3
Let b(d) = d - 47. Determine b(-19).
-66
Let x(s) = -s**2 + 6*s + 18. Give x(8).
2
Let d(x) = -x**2 + 39*x - 45. Give d(38).
-7
Let o(b) = -b + 23. Determine o(17).
6
Let o(v) = -v**3 + 10*v**2 - 10*v + 1. Give o(9).
-8
Let w(b) = -b**2 - 37*b - 35. What is w(-36)?
1
Let k(r) = 23*r**3 + r + 1. What is k(-1)?
-23
Let b(g) = -16*g - 43. Determine b(-12).
149
Let u(z) = -21*z**3 - 5*z**2 - 5*z - 1. Calculate u(-1).
20
Let q(p) = p**3 - 18*p**2 + 19*p - 49. Calculate q(17).
-15
Let p(z) = 22*z - 57. Determine p(3).
9
Let f(t) = -52*t**2 - 2*t + 3. Determine f(1).
-51
Let x(k) = 2*k + 18. Calculate x(-8).
2
Let k(p) = -40*p**2 + p - 1. Give k(1).
-40
Let t(z) = 2*z**3 + 2*z**2 - 10*z + 4. Calculate t(4).
124
Let i(l) = 3*l**3 - l**2 + 2*l - 2. What is i(2)?
22
Let q(p) = -p**2 - p + 6. What is q(-3)?
0
Let g(b) = -b**3 - 7*b**2 + 3*b + 9. What is g(-7)?
-12
Let z(w) = -5*w - 54. What is z(-11)?
1
Let h(w) = -2*w + 7. Give h(-3).
13
Let b(z) = z**2 - 5*z + 1. Calculate b(3).
-5
Let q(a) = 18*a - 1. Give q(5).
89
Let b(n) = n**3 + 22*n**2 + 2*n + 61. Determine b(-22).
17
Let z(y) = 11*y**2 - 3*y - 2. What is z(2)?
36
Let h(j) = 2*j**2 + 10*j + 4. Give h(-5).
4
Let x(i) = i + 4. Calculate x(-2).
2
Let s(r) = 2*r**2 + 22*r - 29. Give s(-18).
223
Let k(p) = -17*p - 2. Determine k(-1).
15
Let c(w) = -w**3 + 16*w**2 - w + 13. What is c(16)?
-3
Let a(n) = -n**2 + 4*n + 37. Determine a(8).
5
Let h(m) = 2*m**3 - 41*m**2 - 19*m - 35. Determine h(21).
7
Let b(f) = 57*f - 2171. What is b(38)?
-5
Let d(a) = -a**3 - 12*a**2 - 7*a + 41. What is d(-11)?
-3
Let n(j) = 3*j**2 - 3*j - 12. Give n(-5).
78
Let w(m) = m**3 - 17*m**2 + 21*m - 13. What is w(16)?
67
Let a(q) = q**2 + 4*q - 23. Give a(0).
-23
Let k(w) = -2*w - 5. Determine k(0).
-5
Let y(z) = 4*z**2 - z - 3. Determine y(3).
30
Let j(w) = w**2 + 46*w + 433. What is j(-33)?
4
Let z(d) = 4*d - 17. Determine z(9).
19
Let o(r) = 2*r**3 - 46*r**2 - 2*r + 42. Calculate o(23).
-4
Let i(l) = -9*l - 150. Determine i(-14).
-24
Let q(i) = i**3 - 6*i**2 - 20*i + 17. What is q(8)?
-15
Let w(x) = 3*x**2 - 19*x. What is w(7)?
14
Let v(k) = -k**3 - 6*k**2 - 7*k + 5. Determine v(-8).
189
Let d(t) = t**3 + 8*t**2 - 7*t - 27. Determine d(-8).
29
Let g(p) = p**3 + 14*p**2 + 25*p + 5. What is g(-12)?
-7
Let y(q) = -6*q - 28. What is y(-4)?
-4
Let f(a) = a**2 + 10*a + 22. Give f(-6).
-2
Let k(d) = -d**3 - 45*d**2 + 45*d - 49. What is k(-46)?
-3
Let g(m) = -9*m - 6. Calculate g(5).
-51
Let b(t) = -2*t**3 - t**2 - 2*t - 5. Determine b(-3).
46
Let k(o) = o**3 + 15*o**2 + o + 5. Determine k(-15).
-10
Let x(i) = 3*i + 13. Give x(-14).
-29
Let l(r) = -r**3 + 5*r**2 + r - 1. Determine l(5).
4
Let x(v) = v**2 - 33*v + 64. Give x(31).
2
Let f(v) = -16*v - 8. Give f(-1).
8
Let j(w) = w**2 + 7*w + 10. Give j(-5).
0
Let d(u) = 5*u**2 + 5*u + 11. Calculate d(-2).
21
Let l(d) = -d**2 - 40*d + 675. Give l(-53).
-14
Let s(i) = -i - 7. Calculate s(-6).
-1
Let u(r) = -3*r**2 - 14*r - 8. What is u(-4)?
0
Let g(x) = -x**3 + 13*x**2 + 10*x + 48. Give g(14).
-8
Let w(m) = m**3 + 7*m**2 - 13*m - 8. Give w(-7).
83
Let l(f) = -6*f + 24. Give l(5).
-6
Let q(n) = n**2 + 19*n - 10. Give q(-9).
-100
Let k(y) = y**3 - 7*y**2 - 5*y + 3. Give k(8).
27
Let u(f) = -6*f**2 + 4. What is u(3)?
-50
Let y(g) = -g**2 + 29*g - 133. Calculate y(5).
-13
Let y(m) = -m**2 + 11*m - 29. Give y(6).
1
Let f(g) = 40*g. Give f(-1).
-40
Let t(c) = 2*c - 19. What is t(5)?
-9
Let j(o) = 4*o**2 - 5*o - 58. Give j(0).
-58
Let t(o) = o**3 - 17*o**2 - 16*o - 75. Calculate t(18).
-39
Let t(n) = n**2 - 8*n + 7. Give t(9).
16
Let w(p) = 4*p**2 + p - 2. Calculate w(-2).
12
Let n(j) = -j**3 - 10*j**2 - j - 9. Calculate n(-10).
1
Let x(g) = g**3 + g**2 + 5. Determine x(0).
5
Let x(b) = -39*b + 282. Give x(7).
9
Let w(s) = 4*s + 6. What is w(-7)?
-22
Let c(b) = b**2 + 10*b + 17. Give c(-6).
-7
Let v(w) = w**3 - 4*w**2 + 8*w - 7. Calculate v(3).
8
Let y(s) = -s**3 + 11*s**2 - 9*s - 18. Calculate y(10).
-8
Let t(k) = -12*k + 1. What is t(2)?
-23
Let b(h) = 2*h**3 - 3*h**2 - 13*h. Determine b(4).
28
Let q(z) = z**2 - z + 2. Give q(0).
2
Let d(r) = 28*r - 116. Determine d(7).
80
Let x(z) = -10*z - 678. Give x(-68).
2
Let l(c) = c**3 - 6*c**2 - 14*c - 6. What is l(8)?
10
Let w(j) = -2*j + 2. Determine w(-4).
10
Let l(q) = -q**3 + 16*q**2 + 20*q + 7. Give l(17).
58
Let n(w) = w**3 + 12*w**2 + 8*w - 12. What is n(-11)?
21
Let f(z) = -2*z**2 - 2*z - 1. Give f(-2).
-5
Let p(l) = -l**3 + 5*l**2 - 3*l - 8. Give p(-2).
26
Let s(y) = y**2 - 52*y + 100. Give s(50).
0
Let s(b) = -30*b**2 - 13*b + 1. Calculate s(-1).
-16
Let z(k) = -k**3 - k**2 - k - 1. Calculate z(-3).
20
Let c(o) = o**2 - 13*o - 4. What is c(11)?
-26
Let o(c) = -c**3 + 8*c**2 - 12*c + 16. Calculate o(7).
-19
Let c(m) = m**2 - 40*m - 200. What is c(44)?
-24
Let u(k) = -k**3 + 4*k**2 + 4*k - 1. Give u(5).
-6
Let d(m) = 7*m + 135. What is d(-19)?
2
Let p(j) = j + 7. Calculate p(10).
17
Let t(n) = -n**3 + 13*n**2 - 3*n + 30. What is t(13)?
-9
Let b(h) = 7*h